7 = -2*q + 3*i, -i + 4 = 0. List the prime factors of q.
5, 7
List the prime factors of 4 + 40/(-12) + 75067/3.
3, 19, 439
List the prime factors of 4/(-11*(-64)/510928).
2903
Suppose 8*z - i - 108835 = 2*z, -2*i = 5*z - 90710. What are the prime factors of z?
2, 5, 907
Suppose 6*r - r - 270 = 0. Let d = r + -59. What are the prime factors of (119/d)/((-7)/35)?
7, 17
Suppose 0 = -2*m + 4*w + 466, -10*m - 717 = -13*m - 3*w. Let a be 7 - m/33 - 123/(-11). What are the prime factors of ((-44)/(-24))/a - (-1469)/6?
5, 7
Let b(u) = -3*u**2 - 100*u - 34. Suppose 36*v = 39*v + 69. List the prime factors of b(v).
7, 97
Let r(i) = 57*i**2 + 32*i + 95. What are the prime factors of r(-4)?
3, 293
Suppose 18282*s = 18307*s - 1381375. List the prime factors of s.
5, 43, 257
Suppose 3*h + 4 = -2. Let d be -121 + 0 + h + 3. Let o = 202 + d. What are the prime factors of o?
2, 41
Let t = -249 - -254. Suppose t*n = 0, 4*d - 2*n - 4128 = -3*n. List the prime factors of d.
2, 3, 43
Let i(v) = -3*v - 12. Let n be i(-5). What are the prime factors of 1/(12/3364*n/9)?
29
Suppose -4014 = -6*j - 3*j. What are the prime factors of j*(-1 - (-15)/10)?
223
Suppose 5*t - 128040 = -0*t + 5*q, -4*t - q = -102437. Suppose 0 = 31*c + 2297 - t. What are the prime factors of c?
2, 47
List the prime factors of (-340)/238 + (-594838)/(-14).
42487
Suppose -2*t = -5*v + 80, 3*t + 4*v - 4 = -101. List the prime factors of ((-42)/t)/(3/660).
2, 3, 11
Suppose -47*w + 51*w - 1280 = 0. Suppose 4*s + z = 232, -5*s + w = 3*z + 37. What are the prime factors of s?
59
Suppose -3*c = -15, -3*b + c + 122 = 2*c. List the prime factors of 86*(8/6 + b/18).
7, 43
Suppose -130*v - 40 = -138*v. Suppose -5*i = -v*g - 800, 157 = 2*i + 4*g - 169. List the prime factors of i.
7, 23
List the prime factors of (-1511640)/(-96)*(6/15 + -1)*-4.
3, 13, 17, 19
Suppose -3*u + 89*h + 69108 = 86*h, -2*u - 5*h = -46058. List the prime factors of u.
2, 3, 11, 349
Suppose 3*t + 1096 = 4*v, -4*t = 3*v - 5*v + 538. Suppose -2*f + 937 - v = 4*h, 5*f - 4*h = 1594. What are the prime factors of f?
2, 7, 23
Suppose 29*s + 164 = -10. List the prime factors of (s - -170) + 3 + -4 + 3.
2, 83
Suppose 9 = -5*y + 29. Suppose y*i = m + 4*m - 276, 0 = m + 2*i - 58. List the prime factors of m.
2, 7
Let k(s) = 5*s**2 - 37*s - 20. Let r(b) = -6*b**2 + 35*b + 21. Let n(j) = 3*k(j) + 2*r(j). List the prime factors of n(16).
2, 47
Suppose 12*i = 216 - 72. Suppose i*q - 2275 = -13*q. What are the prime factors of q?
7, 13
Suppose 0 = -22*g - 49423 + 187869. List the prime factors of g.
7, 29, 31
Suppose -3800*x + 3769*x = -259966. What are the prime factors of x?
2, 7, 599
Suppose 2*q = 5*s + 4879, -q + 29*s = 32*s - 2434. What are the prime factors of q?
2437
Suppose 2*s - 665 = -r, -3*r - 5*s + 3345 = 2*r. Let c = 50 - 46. Suppose -2*l + n + 280 = -c*n, -r = -5*l - n. What are the prime factors of l?
3, 5
Let l(g) be the first derivative of g**4/4 - 5*g**3/3 + g**2 + 9*g + 157. What are the prime factors of l(6)?
3, 19
Suppose -14705 = -3*h - 2*h + 5*u, -5*h = 5*u - 14755. List the prime factors of h.
2, 3, 491
Let f(z) = -4525*z - 6791. What are the prime factors of f(-10)?
38459
Suppose 0 = 314*o - 310*o - 12. Suppose 2*q = -22*r + 26*r + 812, 4*q = -o*r + 1646. What are the prime factors of q?
2, 5, 41
Let q be (-28)/(-6)*486/(-63). What are the prime factors of 3732*(-2)/q*9?
2, 3, 311
Let v(d) = -28*d + 2*d**2 - 2 + 50*d + 40*d**3 - 23*d + 30*d**3. What are the prime factors of v(2)?
2, 3, 47
Let n = 4525 - 679. List the prime factors of n.
2, 3, 641
Suppose -20*r + 259400 + 640660 = 0. What are the prime factors of r?
3, 7, 2143
Let w = 974 - 479. Suppose 42*a = 27*a + w. What are the prime factors of a?
3, 11
Suppose -38043 - 99325 = -44*y. What are the prime factors of y?
2, 7, 223
What are the prime factors of 7 + (-329584)/(-48) - 1/3?
3, 29, 79
Suppose -23*d + 5*c = -19*d - 53456, -4*c + 40092 = 3*d. List the prime factors of d.
2, 13, 257
Let z(b) = -8*b**2 - b - 2. Let y be z(-1). Let h(n) = -n**2 - 13*n + 4. Let p be h(y). Suppose -8*g + 488 = p. What are the prime factors of g?
2, 7
Let c(f) = -f**3 + 8*f**2 - 15*f - 4. Let d be c(4). Suppose -4*g - 5*w + 1314 = 0, -w = -5*g - d*g + 1657. What are the prime factors of g?
331
Suppose -887 = -5*u - 2*s, -29*u = -30*u - 3*s + 180. Suppose -164*r - 15184 = -u*r. What are the prime factors of r?
2, 73
Let t(b) = b**2 - 6*b - 38. Suppose -16*i + 10 = -17*i + 3*u, -4*i - 55 = 3*u. What are the prime factors of t(i)?
11, 19
Let h(a) = 963*a**3 + a**2 + 27*a - 47. What are the prime factors of h(2)?
5, 1543
Suppose 0 = 17*b - 39353 - 63327. List the prime factors of b.
2, 5, 151
Let i be 17/(-102) - ((-6950)/12 - 3). Let d = i + 21. What are the prime factors of d?
3, 67
Suppose 1946835 + 1635965 = 65*u. What are the prime factors of u?
2, 5, 13, 53
What are the prime factors of -471*(80/(-15) - 0)?
2, 157
Let u(y) = -79*y**3 + 29*y**2 + 135*y - 54. What are the prime factors of u(-6)?
2, 3, 479
Let v(k) be the first derivative of -k**3/3 - 21*k**2 - 66*k - 36. What are the prime factors of v(-20)?
2, 11, 17
Let q(k) = -907*k**3 + 6*k**2 - 29*k - 127. What are the prime factors of q(-4)?
61, 953
Let q(b) = 1849*b**2 - 21*b + 6. List the prime factors of q(1).
2, 7, 131
Suppose 4*y + 46 - 218 = 2*o, 57 = y + 3*o. Let p = 61 - y. List the prime factors of (-4 + 0)*(4 + -2*p).
2, 7
Let d(o) = -o**3 + 2*o + 3132. Let s be d(0). Suppose 7*y = -2*y + s. List the prime factors of y.
2, 3, 29
What are the prime factors of 17466 + 1 - (19 + -5 + -6)?
13, 17, 79
Let u be 119/49 + (-3)/7. Let y(a) = -19 + a**2 - 7*a + 2*a**2 - 6*a - 2*a**u. What are the prime factors of y(16)?
29
Let g(b) = -11*b - 15. Let p be g(7). Let h = p - -90. List the prime factors of h/(-4)*(-88)/(-2).
2, 11
Suppose -37660 = -5*g + 36*y - 31*y, 0 = 3*g + 2*y - 22626. What are the prime factors of g?
2, 3769
Let l(k) = -5 - 4 - 8 + k**2 - 9*k. Let x(c) = -2*c**2 + 26*c + 52. Let d(q) = 11*l(q) + 4*x(q). List the prime factors of d(-7).
7, 19
Suppose -5*w = -145*y + 143*y + 23770, 3*y + 3*w = 35592. List the prime factors of y.
2, 5, 1187
Let d = 77183 + -54908. List the prime factors of d.
3, 5, 11
Let b(j) = -15*j + 50. Let l be b(-21). Suppose 2*k = 3*k + l. What are the prime factors of 2/4 - (-3 + k/10)?
2, 5
Let d be (1 + 8/20 + 3)*-5. Let v = d - -27. Suppose -w = -3*z + 210, v*z - 140 = 3*z - 3*w. What are the prime factors of z?
2, 5, 7
Suppose 2*h = 93381 + 56283. List the prime factors of h.
2, 3, 1559
Suppose -12*v - 20223 + 207163 = -213260. What are the prime factors of v?
2, 5, 23, 29
Let z = 105 + -110. Let b(d) = 10*d + 9*d**2 + 2*d**3 - 11*d**2 - 5*d**3. What are the prime factors of b(z)?
5, 11
Let l(j) = 74*j**2 - 6. Let n be l(3). Let z = -393 + n. Let r = z + -117. What are the prime factors of r?
2, 3, 5
What are the prime factors of ((-11)/(-77)*-7)/(2/(-11170))?
5, 1117
Let x be (86/(-6))/((-2)/(-6)). Suppose 2*t + 236 = -4*m, 12*m + 5*t - 151 = 15*m. Let g = x - m. List the prime factors of g.
2, 7
Let f = -129 + 128. Let p be (7 + f + -15)*(-1 - 1). Suppose -p*g + 3718 - 532 = 0. What are the prime factors of g?
3, 59
Let y = -151 + 215. Let r = -21 + y. Suppose -195 = -p + r. What are the prime factors of p?
2, 7, 17
Suppose 107*v - 109*v + 10 = 0. What are the prime factors of 8/v*(2 - (-243)/6)?
2, 17
Let i(z) = 19*z - 7. Let b be ((-182)/49 - -4) + (-32)/14. Let h be i(b). Let q = 151 + h. What are the prime factors of q?
2, 53
Suppose 10325 = 69*f - 64*f. Suppose 0 = 2*q - 7*q + f. List the prime factors of q.
7, 59
Suppose 2*h + 3*r - 354 = 5*r, -20 = -4*r. Let k be (2/(-1))/(8/(-20)). Suppose -2*n + h = k*i - 0*n, -3*i - 4*n = -112. What are the prime factors of i?
2, 3
Let v(f) = -4*f**2 + 24*f - 1. Let t be v(6). List the prime factors of -3 + 1185 - 10 - 2*t.
2, 587
Let b(o) be the third derivative of o**5/12 - o**4/8 - 17*o**3/3 - 1148*o**2. Let r = 9 - 14. What are the prime factors of b(r)?
2, 53
Suppose 0 = 2*x - 8*x + 30. Suppose -5*d + 3*a = -2154, -3*d + 3*a = x*a - 1281. What are the prime factors of d?
3, 11, 13
Let o = 525 + 10330. What are the prime factors of o?
5, 13, 167
Suppose -959*b + 4 = -957*b. Suppose 2*i - 2*y - y = 381, b*i + 3*y = 387. What are the p